prime factors of 640521367?
107, 911, 6571
List the prime factors of 524590532.
2, 19, 23, 300109
List the prime factors of 4154198514.
2, 3, 367, 1886557
List the prime factors of 369290067.
3, 179, 687691
What are the prime factors of 693875500?
2, 5, 23, 60337
What are the prime factors of 70310428?
2, 17577607
List the prime factors of 392547115.
5, 78509423
List the prime factors of 77032531.
77032531
List the prime factors of 138687867.
3, 15409763
List the prime factors of 3593291912.
2, 7, 2647, 3463
What are the prime factors of 2209320?
2, 3, 5, 17, 19
List the prime factors of 11097915.
3, 5, 739861
List the prime factors of 228899086.
2, 13, 8803811
List the prime factors of 3243284927.
643, 1873, 2693
What are the prime factors of 87897312?
2, 3, 33911
List the prime factors of 47276176.
2, 103, 28687
What are the prime factors of 11702562?
2, 3, 17, 31, 3701
List the prime factors of 689107559.
7, 9001, 10937
What are the prime factors of 81196669?
81196669
What are the prime factors of 27271560?
2, 3, 5, 23, 41, 241
What are the prime factors of 45943578?
2, 3, 850807
What are the prime factors of 4904432450?
2, 5, 283, 307, 1129
What are the prime factors of 319838817?
3, 106612939
What are the prime factors of 96427629?
3, 43, 101, 2467
What are the prime factors of 1047912740?
2, 5, 7, 7485091
List the prime factors of 171962646.
2, 3, 28660441
What are the prime factors of 3732947412?
2, 3, 311078951
What are the prime factors of 3065068000?
2, 5, 29, 26423
What are the prime factors of 98354009?
13, 1723, 4391
List the prime factors of 242926267.
19, 12785593
List the prime factors of 112989482.
2, 31, 1822411
What are the prime factors of 19927441?
379, 52579
List the prime factors of 34234553.
1429, 23957
What are the prime factors of 9067130692?
2, 233, 9728681
List the prime factors of 1069494185.
5, 213898837
List the prime factors of 144424965.
3, 5, 9628331
What are the prime factors of 363319273?
19, 3061, 6247
What are the prime factors of 39625094?
2, 283, 70009
List the prime factors of 485380092.
2, 3, 47, 283, 3041
What are the prime factors of 41878197?
3, 293, 15881
What are the prime factors of 727428791?
727428791
List the prime factors of 721498357.
721498357
What are the prime factors of 20870878?
2, 7, 1213, 1229
List the prime factors of 114516855.
3, 5, 848273
List the prime factors of 352504893.
3, 13, 829, 10903
List the prime factors of 389682407.
389682407
List the prime factors of 336174586.
2, 11, 2617, 5839
What are the prime factors of 134374554?
2, 3, 1051, 7103
What are the prime factors of 175769657?
7, 23, 1091737
List the prime factors of 4391626671.
3, 227, 829, 2593
List the prime factors of 730529727.
3, 19, 251, 51061
List the prime factors of 2033894145.
3, 5, 257, 527599
What are the prime factors of 771794595?
3, 5, 11, 13, 39979
What are the prime factors of 1525990071?
3, 508663357
What are the prime factors of 347124769?
347124769
List the prime factors of 2143284566.
2, 1071642283
What are the prime factors of 8994030860?
2, 5, 23, 683, 28627
List the prime factors of 28514604.
2, 3, 251, 9467
What are the prime factors of 822510457?
21649, 37993
List the prime factors of 23260099.
23260099
List the prime factors of 13850459.
7, 31, 83, 769
List the prime factors of 226841817.
3, 19, 883, 4507
List the prime factors of 546220230.
2, 3, 5, 59, 61, 5059
What are the prime factors of 394369278?
2, 3, 6361, 10333
List the prime factors of 1320687052.
2, 6353, 51971
What are the prime factors of 4605633020?
2, 5, 3631, 63421
What are the prime factors of 900344138?
2, 450172069
What are the prime factors of 69493684?
2, 13, 1336417
List the prime factors of 21786033.
3, 191, 193, 197
What are the prime factors of 31962229?
13, 2458633
What are the prime factors of 167493877?
17, 97, 101573
What are the prime factors of 6517444890?
2, 3, 5, 11, 19749833
What are the prime factors of 108415932?
2, 3, 521, 17341
List the prime factors of 688061446.
2, 344030723
What are the prime factors of 1140099990?
2, 3, 5, 38003333
What are the prime factors of 1305991852?
2, 11, 29681633
What are the prime factors of 26397977?
587, 44971
What are the prime factors of 177679442?
2, 88839721
List the prime factors of 62510228.
2, 11, 19, 23, 3251
What are the prime factors of 3841677418?
2, 31, 61962539
List the prime factors of 117553581.
3, 31, 421339
What are the prime factors of 109531085?
5, 17, 107, 12043
List the prime factors of 400796999.
103, 1171, 3323
List the prime factors of 87336379.
13, 569, 11807
List the prime factors of 1738903712.
2, 7, 13, 19, 53, 593
What are the prime factors of 920782527?
3, 7, 509, 86143
List the prime factors of 93050560.
2, 5, 29, 37, 271
What are the prime factors of 1229339610?
2, 3, 5, 13659329
List the prime factors of 15826916.
2, 7, 565247
What are the prime factors of 3442968079?
457, 1481, 5087
What are the prime factors of 137333357?
7, 29, 43, 15733
What are the prime factors of 14340923?
73, 151, 1301
List the prime factors of 10525231.
29, 67, 5417
What are the prime factors of 39371187?
3, 43, 239, 1277
What are the prime factors of 2759396571?
3, 107, 955139
List the prime factors of 41124845.
5, 41, 200609
What are the prime factors of 391025882?
2, 13, 349, 43093
List the prime factors of 2435000866.
2, 1217500433
What are the prime factors of 2187858466?
2, 5953, 183761
List the prime factors of 76696062.
2, 3, 127, 251, 401
What are the prime factors of 319361147?
7, 45623021
What are the prime factors of 352718170?
2, 5, 7, 719833
List the prime factors of 24040439.
107, 224677
List the prime factors of 187091092.
2, 37, 1264129
List the prime factors of 2173583607.
3, 13, 55732913
List the prime factors of 1534553006.
2, 7, 2543, 43103
What are the prime factors of 300448744?
2, 727, 51659
What are the prime factors of 388614167?
431, 901657
What are the prime factors of 217999847?
13, 16769219
What are the prime factors of 321335272?
2, 40166909
What are the prime factors of 106921408?
2, 11, 13807
What are the prime factors of 8143791186?
2, 3, 107, 12685033
List the prime factors of 1553764667.
7, 13, 821, 2971
List the prime factors of 2694873732.
2, 3, 67, 787, 4259
What are the prime factors of 29185773?
3, 9728591
What are the prime factors of 7398914854?
2, 73, 50677499
What are the prime factors of 299396632?
2, 37424579
What are the prime factors of 253192955?
5, 19, 2665189
List the prime factors of 855810682.
2, 43, 73, 136319
What are the prime factors of 2346166223?
19937, 117679
What are the prime factors of 1677648772?
2, 383, 1095071
What are the prime factors of 220920772?
2, 61, 905413
What are the prime factors of 32686857?
3, 7, 29, 17891
What are the prime factors of 143988763?
23, 6260381
What are the prime factors of 1203624510?
2, 3, 5, 11, 331577
List the prime factors of 133076454.
2, 3, 7, 64663
List the prime factors of 56929934.
2, 643, 44269
List the prime factors of 1696991137.
19, 241, 370603
What are the prime factors of 2415264897?
3, 683, 1178753
What are the prime factors of 1225075546?
2, 31, 983, 20101
What are the prime factors of 11992426?
2, 47, 127579
What are the prime factors of 1032506196?
2, 3, 43, 103, 19427
List the prime factors of 8184954.
2, 3, 179, 7621
What are the prime factors of 2613216869?
113, 23125813
What are the prime factors of 8809370?
2, 5, 911, 967
What are the prime factors of 1475431392?
2, 3, 1129, 13613
What are the prime factors of 153645311?
4903, 31337
List the prime factors of 4004231552.
2, 23, 43, 47, 673
List the prime factors of 742914735.
3, 5, 1283, 38603
What are the prime factors of 220855704?
2, 3, 17, 107, 5059
What are the prime factors of 281803256?
2, 7, 5032201
What are the prime factors of 6061356607?
53, 79, 1447661
What are the prime factors of 14671903?
61, 3943
What are the prime factors of 374213065?
5, 74842613
List the prime factors of 15004927.
7, 19, 71, 227
What are the prime factors of 6686663?
6686663
List the prime factors of 6195737.
6195737
List the prime factors of 4684180212.
2, 3, 307, 141277
What are the prime factors of 3150911226?
2, 3, 525151871
List the prime factors of 1535487409.
1535487409
List the prime factors of 119